factors of 11641?
7, 1663
List the prime factors of 3435.
3, 5, 229
List the prime factors of 40982.
2, 31, 661
What are the prime factors of 1667?
1667
What are the prime factors of 1272?
2, 3, 53
What are the prime factors of 38784?
2, 3, 101
List the prime factors of 2627.
37, 71
List the prime factors of 4952.
2, 619
What are the prime factors of 12409?
12409
List the prime factors of 116.
2, 29
List the prime factors of 1202.
2, 601
What are the prime factors of 3747?
3, 1249
List the prime factors of 13936.
2, 13, 67
What are the prime factors of 13597?
13597
List the prime factors of 13444.
2, 3361
List the prime factors of 1879.
1879
List the prime factors of 23844.
2, 3, 1987
List the prime factors of 11378.
2, 5689
List the prime factors of 9616.
2, 601
List the prime factors of 80615.
5, 23, 701
What are the prime factors of 153514?
2, 76757
List the prime factors of 36519.
3, 7, 37, 47
What are the prime factors of 1293?
3, 431
What are the prime factors of 5723?
59, 97
What are the prime factors of 4896?
2, 3, 17
List the prime factors of 472.
2, 59
What are the prime factors of 700?
2, 5, 7
What are the prime factors of 3674?
2, 11, 167
What are the prime factors of 593?
593
What are the prime factors of 14963?
13, 1151
List the prime factors of 815.
5, 163
What are the prime factors of 6701?
6701
List the prime factors of 2338.
2, 7, 167
What are the prime factors of 2669?
17, 157
What are the prime factors of 445?
5, 89
List the prime factors of 19909.
43, 463
List the prime factors of 8577.
3, 953
What are the prime factors of 9338?
2, 7, 23, 29
What are the prime factors of 4833?
3, 179
List the prime factors of 21828.
2, 3, 17, 107
List the prime factors of 5950.
2, 5, 7, 17
What are the prime factors of 982?
2, 491
List the prime factors of 73.
73
List the prime factors of 960.
2, 3, 5
What are the prime factors of 24750?
2, 3, 5, 11
What are the prime factors of 7237?
7237
List the prime factors of 235.
5, 47
What are the prime factors of 45774?
2, 3, 2543
What are the prime factors of 26713?
26713
List the prime factors of 7978.
2, 3989
List the prime factors of 6637.
6637
What are the prime factors of 868?
2, 7, 31
What are the prime factors of 28063?
7, 19, 211
List the prime factors of 5540.
2, 5, 277
List the prime factors of 457.
457
What are the prime factors of 5917?
61, 97
List the prime factors of 11321.
11321
What are the prime factors of 3581?
3581
List the prime factors of 462.
2, 3, 7, 11
List the prime factors of 189827.
11, 17257
List the prime factors of 7102.
2, 53, 67
What are the prime factors of 20454?
2, 3, 7, 487
List the prime factors of 89697.
3, 29, 1031
What are the prime factors of 2838?
2, 3, 11, 43
What are the prime factors of 2318?
2, 19, 61
List the prime factors of 102914.
2, 7, 7351
List the prime factors of 1441.
11, 131
List the prime factors of 1366.
2, 683
What are the prime factors of 192?
2, 3
List the prime factors of 191.
191
List the prime factors of 1043.
7, 149
What are the prime factors of 203?
7, 29
What are the prime factors of 37268?
2, 7, 11
List the prime factors of 11224.
2, 23, 61
List the prime factors of 5794.
2, 2897
List the prime factors of 3756.
2, 3, 313
What are the prime factors of 49?
7
List the prime factors of 29056.
2, 227
What are the prime factors of 400?
2, 5
List the prime factors of 757.
757
What are the prime factors of 3?
3
What are the prime factors of 2292?
2, 3, 191
What are the prime factors of 10765?
5, 2153
What are the prime factors of 17249?
47, 367
What are the prime factors of 1378?
2, 13, 53
What are the prime factors of 32390?
2, 5, 41, 79
What are the prime factors of 912?
2, 3, 19
List the prime factors of 4340.
2, 5, 7, 31
What are the prime factors of 2?
2
What are the prime factors of 83331?
3, 47, 197
What are the prime factors of 5241?
3, 1747
List the prime factors of 16539.
3, 37, 149
List the prime factors of 34926.
2, 3, 5821
List the prime factors of 567.
3, 7
List the prime factors of 388.
2, 97
What are the prime factors of 2996?
2, 7, 107
What are the prime factors of 42692?
2, 13, 821
List the prime factors of 66886.
2, 53, 631
List the prime factors of 2441.
2441
List the prime factors of 79240.
2, 5, 7, 283
List the prime factors of 2480.
2, 5, 31
What are the prime factors of 504?
2, 3, 7
List the prime factors of 490.
2, 5, 7
What are the prime factors of 12944?
2, 809
What are the prime factors of 47824?
2, 7, 61
List the prime factors of 14613.
3, 4871
List the prime factors of 11324.
2, 19, 149
What are the prime factors of 38048?
2, 29, 41
List the prime factors of 912.
2, 3, 19
List the prime factors of 26710.
2, 5, 2671
What are the prime factors of 3597?
3, 11, 109
What are the prime factors of 96050?
2, 5, 17, 113
List the prime factors of 190548.
2, 3, 67, 79
What are the prime factors of 725?
5, 29
List the prime factors of 2723.
7, 389
What are the prime factors of 2000?
2, 5
List the prime factors of 2718.
2, 3, 151
List the prime factors of 31708.
2, 7927
List the prime factors of 3494.
2, 1747
What are the prime factors of 1316?
2, 7, 47
List the prime factors of 2600.
2, 5, 13
List the prime factors of 1102.
2, 19, 29
What are the prime factors of 791?
7, 113
What are the prime factors of 105038?
2, 29, 1811
What are the prime factors of 17001?
3, 1889
List the prime factors of 1042.
2, 521
List the prime factors of 12359.
17, 727
What are the prime factors of 31813?
29, 1097
What are the prime factors of 5780?
2, 5, 17
List the prime factors of 7246.
2, 3623
List the prime factors of 37428.
2, 3, 3119
What are the prime factors of 12?
2, 3
What are the prime factors of 6373?
6373
What are the prime factors of 166187?
7, 23741
List the prime factors of 6628.
2, 1657
List the prime factors of 26671.
149, 179
What are the prime factors of 7942?
2, 11, 19
What are the prime factors of 300?
2, 3, 5
What are the prime factors of 1035?
3, 5, 23
List the prime factors of 33721.
33721
List the prime factors of 12038.
2, 13, 463
What are the prime factors of 782?
2, 17, 23
What are the prime factors of 3157?
7, 11, 41
List the prime factors of 44878.
2, 19, 1181
List the prime factors of 19208.
2, 7
What are the prime factors of 767?
13, 59
What are the prime factors of 327?
3, 109
What are the prime factors of 830?
2, 5, 83
List the prime factors of 200.
2, 5
List the prime factors of 3459.
3, 1153
What are the prime factors of 288?
2, 3
What are the prime factors of 4049?
4049
What are the prime factors of 29739?
3, 23, 431
List the prime factors of 62583.
3, 23, 907
List the prime factors of 1017.
3, 113
What are the prime factors of 16251?
3, 5417
What are the prime factors of 20272?
2, 7, 181
List the prime factors of 1824.
2, 3, 19
List the prime factors of 25994.
2, 41, 317
What are the prime factors of 25489?
71, 359
List the prime factors of 1272.
2, 3, 53
What are the prime factors of 95561?
95561
What are the prime factors of 2426?
2, 1213
List the prime factors of 13669.
13669
What are the prime factors of 491?
491
List the prime factors of 11336.
2, 13, 109
List the prime factors of 40.
2, 5
List the prime factors of 18478.
2, 9239
List the prime factors of 490.
2, 5, 7
What are the prime factors of 12376?
2, 7, 13, 17
List the prime factors of 2118.
2, 3, 353
What are the prime factors of 1839?
3, 613
List the prime factors of 389.
389
What are the prime factors of 3251?
3251
What are the prime factors of 2485?
5, 7, 71
List the prime factors of 16123.
23, 701
What are the prime factors of 14408?
2, 1801
List the prime factors of 11183.
53, 211
List the prime factors of 644.
2, 7, 23
What are the prime factors of 833?
7, 17
List the prime factors of 38887.
37, 1051
What are the prime factors of 2313?
3, 257
What are the prime factors of 1267?
7, 181
List the prime factors of 2567.
17, 151
List the prime factors of 35566.
2, 17783
What are the prime factors of 3043?
17, 179
What are the prime factors of 82903?
82903
What are the prime factors of 1680?
2, 3, 5, 7
What are the prime factors of 1636?
2, 409
List the prime factors of 6366.
2, 3, 1061
What are the prime factors of 949?
13, 73
What are the prime factors of 1428?
2, 3, 7, 17
List the prime factors of 12462.
2, 3, 31, 67
List the prime 